-34 + 28)).
39
Evaluate 109 + 49 + -267 + 154.
45
-46 - (48 + -183) - (-8 - -27)
70
What is -2 + 38 - (-593 - -588)?
41
Calculate 19 - (5 + (-51 - -26)) - 0.
39
8 - (-173 - -152) - (31 - -1)
-3
What is the value of 6 + 1 + (-37 - (37 + -75)) + -74?
-66
Evaluate -155 - -58 - -86 - (-64 + 0 + -3).
56
Calculate (54 - 19 - 28) + 16.
23
41 + (44 - 35) + -68
-18
Evaluate -46 + (39 - (-26 - -4)).
15
What is the value of 71 + (-1178 - -1153 - (-2 - 73))?
121
140 - -2 - (-334 - -332)
144
What is (510 + -448 - (-1 + 1)) + (-15 - (0 + -2))?
49
Evaluate -58 - -8 - (956 + -977).
-29
-29 - ((15 - 2) + -11) - 3
-34
225 + -75 - 107 - 102
-59
What is -2 - -3 - 53 - (93 + -43 + -47)?
-55
Evaluate -379 - -511 - (61 + 5).
66
(-239 - -262) + 26 + 2
51
Evaluate -19 - (-13 + (-8 - -16) + 10 - (-14 - -7)).
-31
Calculate (-3 - -11) + (-81 - -62) + 19.
8
What is (4 - 75 - -45) + 71?
45
Calculate -9 + 2 + -75 - (-4 + (-40 - -24)).
-62
What is (-20 - -80) + -42 + -11?
7
What is -58 - (-37 + 20 - (49 + -41))?
-33
What is the value of 32 + -16 + 3 + 8 - 99?
-72
What is -24 + -15 + (21 - (21 - 136) - -9)?
106
Evaluate -233 + 256 - (34 + -6).
-5
2 + -2 - ((-11 - (-41 + -8)) + 8)
-46
Evaluate (-12 - -5) + 4 + (-16 - -71).
52
Calculate 32 + (-67 - 33) - -28.
-40
(3 - -1) + (640 - 610) - 149
-115
What is the value of 10 - (27 - (-9 + 19) - 3 - 4)?
0
Calculate -2 + 1 - ((5 - -11) + (32 + 4 - 9)).
-44
Evaluate -4 + 4 + -53 + -21 + 34 + -7.
-47
Calculate 5115 - 5221 - (13 - 2).
-117
Calculate -28 - (0 + 21 + (-38 - -5) + -1 + 6).
-21
Evaluate -1116 + 1182 - (45 + 10).
11
What is (-3 - -18) + (-152 - -65 - -153) + (0 - 5)?
76
Evaluate 41 + (-1 - (6 + 6) - (29 - 38)).
37
What is the value of 312 + -325 + (-3 - -3) + -10?
-23
Calculate (4 - 6) + (-2 - 0) - (146 - 165).
15
Evaluate -88 - (48 + 12 + -49) - (1 - 0).
-100
47 + (-1 - -5 - (180 - 205)) + -16
60
What is 33 + (-26 - 12) - (-8 - 0)?
3
Calculate -79 - (-5 + 58 + -58 + 5 + -2 + -3).
-74
Evaluate 0 + -9 - ((111 - 67) + -52).
-1
What is the value of -146 + (272 - 136) - (-2 + -46)?
38
Calculate -28 + 21 + -22 + 1 + 4 + 1.
-23
Calculate (-9 - 10) + 23 + -37 + 57.
24
3 - (-8 + 9) - (-10 + -22)
34
Calculate 19 + (86 - 117 - (-128 + 1)).
115
28 + (5 - 6) + -3 + -5 + -9
10
What is the value of 10 - (-45 + 57 + -26)?
24
-572 + 661 + -7 + -53
29
What is the value of -19 - (2 + -7 + (13 - -12))?
-39
What is -10 + -8 + 3 + 2 + (0 - (28 - 0))?
-41
74 + -37 + -18 + 36 + -4 + 9
60
What is (-6 - (-21 + 29 + -2 + 25)) + 10?
-27
What is the value of 12 + 1 + 3 + -20 - (4 - 3) - 134?
-139
Calculate 73 - (-64 - (-66 - 81)).
-10
What is (11 - 2) + 32 + 0 + 39 + -42 + -6?
32
What is 35 - (10 - -11) - (83 + 5)?
-74
-68 + 67 - (-6 + 6 - 9)
8
What is the value of -49 - (-40 - -12 - -9)?
-30
Evaluate -70 - (-48 - 5) - (5 + 4).
-26
What is the value of -47 + -5 + 104 + -30?
22
What is the value of 146 - (104 - (40 - 22) - 45)?
105
(63 - -91) + -78 + -5
71
Calculate 101 + -28 + 16 + -15 - (4 - 2 - -1).
71
What is the value of 16 - (54 + -3) - (4 - 13)?
-26
What is the value of 28 + (-1 + -8 + 1 - (1468 + -1464))?
16
Evaluate (11 + 0 - 54) + (83 - 83).
-43
What is the value of 44 + -1 - (-48 + 45 + -29 + 30)?
45
Calculate 2 + (-369 - -384) + (-1 - 66).
-50
(9 + 9 - -8) + (-9 - -2)
19
What is the value of (-37 + 5 - ((7 - 15) + 8)) + 5?
-27
What is (-13 - -18) + 1 + 58 + 2 + (-2 - 5)?
59
What is the value of -84 + (30 + -49 - (18 + -4 + -13))?
-104
What is -97 + (51 - (-64 + 68))?
-50
-12 - ((4 - -7) + 5 + -27)
-1
3 + 39 + -3 + -368 + 378
49
What is the value of 0 + 30 + 5 + 3 + 3 + -11?
30
What is the value of 51 + (-20 + 1 - (-37 + 24 - -2))?
43
-17 + (141 + -83 - -9)
50
(4 - 1) + (64 + (-6 - 3) - 1 - 5)
52
Calculate (56 + 7 - 45) + -4.
14
Evaluate (-16 - (11 - (29 + -10))) + 11.
3
92 - (8 - -26) - (8 - 7)
57
What is the value of -25 - -2 - (16 - 7)?
-32
Calculate (-17 - 0) + (-18 + (-50 - -18) - -55).
-12
What is (13 - (2 + (-3 - 4) - (-178 - -165))) + -54?
-49
(-90 - (16 + -21 - -4) - -15) + (-6 - 10)
-90
Calculate -4 + (-50 - -110 - 33).
23
Evaluate -9 + (10 + 23 - 42) + -2 + 1 + 7.
-12
What is the value of 0 + -7 + (-1085 - -1097) + -39?
-34
11 + -7 + (-13 + 18 - (-4 + 4)) - -5
14
What is the value of 25 + (21 + -84 - -26)?
-12
What is the value of (29 + -59 - -36) + (68 - 61) + 0 + 98?
111
Evaluate -10 + -27 - (-15 - (-16 + 0)).
-38
What is the value of 30 - (89 + -59 + (-36 - 9))?
45
Evaluate 23288 + -23347 + -56 + 1.
-114
What is 0 + 19 + -2 - 27 - (-10 - 27)?
27
What is the value of -10 + (83 + -41 - 32) - (105 - (0 + -2))?
-107
What is the value of 24 + 16 + -43 + 43?
40
What is the value of 2 - ((48 - -10) + -17)?
-39
What is the value of 109 - (41 + (-16 - 15) + -3)?
102
What is (0 - 1) + 512 + -556?
-45
Calculate -14 - -4 - (-78 + 22) - 22.
24
109 + -25 + -49 - -37
72
12 + -1 + -12 + 16 + -9 + -39
-33
What is (77 - 28) + 1 + (1 - 2) - 3?
46
Calculate (1 - 32) + (-33 - (-17 - -17)) + 40.
-24
(-36 - (55 + -140)) + -35
14
What is 1 + 2 + (-6423 - -6435)?
15
What is -13 - (-23 + (-10 - (-22 + 14)))?
12
Calculate (13 - ((-14 - -42) + -28)) + 0 + -3 + 92.
102
What is -2 + -104 - (-11953 - -11902)?
-55
Evaluate -86 - (19 + -19 + -51 + 27).
-62
(25 + 28 - 14) + 22 - -1
62
What is (21 - 8 - -27) + (-2 - 0 - 3 - 7)?
28
What is -32 + (8 - 29) + 40?
-13
What is 21 - (90 - 7 - 41)?
-21
What is 29 - ((64 - 73) + 75 + -1)?
-36
Calculate (11 + -18 - (4 - -2)) + 4 + (2 - -91).
84
What is -19 + (49 - 49) - (-55 + 0)?
36
What is -7 + (-11 - (8 + -15)) - (-113 + (0 - 3))?
105
What is 59 + -6 + -14 + (316 - 322 - (9 - 0))?
24
What is -7 + -2 + (-29 - (23 + -156 - -22))?
73
Calculate -37 + (-8 + -1 - (112 + -125)).
-33
What is the value of 1 + -11 + (-185 - -203) + (-1 - -52)?
59
Calculate -23 + (-22 - (23 - 109)) + -22.
19
What is the value of -193 + 182 + (8 - ((6 - 5) + 33))?
-37
Calculate (3 - 52) + (-69 - -86) + -13.
-45
What is the value of (7 - (-13 + 30 + -16)) + (-6 - 79)?
-79
What is 11 + (19 + -6 - (-6 + 20)) + 30?
40
What is 5 - -11 - (-25 + -1 + 84)?
-42
What is -39 + 0 + -49 + 70?
-18
Calculate (-918 + 932 - ((0 - -1) + 5) - 3) + -9.
-4
(1707 - 1711) + -1 + 0 + 1 + (-71 - 4)
-79
Evaluate 10 + (-3 + -13 - -3) + (93 - 73).
17
Calculate 22 - -21 - 88 - -80.
35
What is -90 - (-5 + 0 + -169)?
84
-20 - (67 - (24 - -15))
-48
What is 5 + -21 - (4 - (15 + -9))?
-14
What is the value of -10 + (11 - 31 - -8) + 37 + -1?
14
What is -814 + 779 - (-5 + 10 + -14)?
-26
Calculate 9 + (10 + -22 - -2) + -20 + -1.
-22
Calculate -21 - ((-9 - 27) + -13 - -9).
19
What is 36 + 67 + -46 + 1 + -10 + -25?
23
Evaluate -28 + (44 - (-25 - -70)) + (5 - 0).
-24
Calculate -35 - (27 - 52) - (-2 + 2 + -15).
5
What is the value of 1 + (-147 - -125 - (-3 - 66))?
48
-10 + 2 - (13 + -9) - (-74 - -84)
-22
Evaluate (1 - 2) + -43 + -11 + 50.
-5
Evaluate (-24 - -15) + (0 - -12) - -45 - 13.
35
What is the value of 68 - (0 - -1) - ((9 - 0) + -22 + 18)?
62
(-66 + -38 - -121) + -11 + -2 + -2
2
Evaluate 18 - 8 - (-44 - (-11 + -7 + 2)).
38
Calculate 5 - ((2 - 12 - (151 - 165)) + (-8 - 1)).
10
Evaluate 77 - (5 - -20 - (36 - 44)).
44
Calculate 5 + (-5 - -2) + (-16 - -22) + -42.
-34
2 + 6 + (-1 - ((-7 - 25) + 19) - -50)
70
What is -75 - ((19 - 2) + 2 + 14 + -30)?
-78
45 + -39 + -3 + -13
-10
Evaluate -3 + 42 + (-2 + 4 + -3 + 3 - 2).
39
-21 - ((-1 + 16 - 17) + 10) - 9
-38
What is 1 + -2 + (1 - -28) - (54688 - 54676)?
16
Calculate (24 - 3 - 2) + -40 + 14 + (-25 - -65).
33
-27 + (2 + -47 - -127)
55
(-20 + (-6 - -4) - (164 - 157)) + -22
-51
What is the value of (-134 - 196 - -328) + 71 + -1?
68
What is 32 + -69 + 26 - (1 - (-3 - -37))?
22
-27 - (-5 + 5 + -14 + 2)
-15
(0 - 0 - 2) + 701 + -729 + 3
-27
Evaluate -9 - ((-147 - -146) + (-2 - 2) - -86).
-90
1 + 19 - (55 + 136 - 234)
63
What is -3 + 8 + (0 - 12) - (-109 + 52)?
50
-4 - (-1 - -33) - (-704 + 679)
-11
Calculate 88 + -1 + (-238 + 144 - -63).
56
Calculate (-105 - -118) + -2 + -19 - 6 - -4.
-10
What is 25 + -15 - 0 - 2 - (-1 - -4)?
5
What is -34 - -15 - (-2 + 20) - -10?
-27
What is 9 + -4 + -7 + 7 + -30 + 20?
-5
What is the value of (-1 - (17 - (2 - -40))) + -21?
3
What is the value of (44 + -73 + 35 - 31) + 62?
37
What is the value of -15 - -70 - 111 - -138?
82
What is the value of -10 - ((-145 - -131) + 1 + -2)?
5
Calculate 132 + (36 - (135 - 67)).